s**3 + 1. Let h(g) = -g**3 + 4*g**2 + g - 5. Let i be 3 - 0 - (0 - 1). Let w be h(i). Calculate k(w).
-7
Let f(v) = 2*v - 3*v + 0*v + 1. Let y = -9 + 13. Suppose -4 = l + r, 3*r = 4*l - 3*l - y. What is f(l)?
3
Suppose -2 = -4*y + 2*y, 0 = 3*v + 5*y - 29. Let p = v + -4. Let r(f) = -5 - 2*f**2 + 3*f**2 - f + 0*f**2. What is r(p)?
7
Let n be 117/(-6) - (-2)/(-4). Suppose 6*k - 24 + 108 = 0. Let a = k - n. Let o(t) = t - 14. Determine o(a).
-8
Let g(c) = -c - 4 + 10 + 3*c. Let k be (0 - (4 - 0))*1. Give g(k).
-2
Let i(h) = 2*h**2 + 4*h + 1. Let v(o) = o**3 - 17*o**2 + 2*o - 13. Let y be v(17). Suppose -4*l - 2*w = 8, 6*w - y = 5*l + 3*w. Determine i(l).
7
Let r = 11 + -14. Let o(c) = c**3 + 4*c**2 + 2*c. Determine o(r).
3
Let t(j) = j**2 + 15*j + 11. Let k(x) = 3*x + 2. Let c(i) = -11*k(i) + 2*t(i). Suppose -3*o = -o. Suppose o = 2*g + 2*g - 8. Calculate c(g).
2
Let b(y) = -4*y**2. Let x = 1 + -1. Suppose -4*a - a + 5*u = 0, 2*u = -4*a + 24. Suppose a*z + x*z + 4 = 0. Calculate b(z).
-4
Let r(d) = -d**2 + 2*d - 5. Let s(g) = 0*g - 4 + 2*g + 0*g. Let x(n) = 3*n - 7. Let j(z) = -5*s(z) + 3*x(z). Let b(h) = j(h) - r(h). Determine b(3).
4
Let z(t) = -1. Let c(a) = a - 1. Let q(v) = -2*c(v) + 2*z(v). Suppose 0 = -o + 1 - 3. Determine q(o).
4
Let h(d) = d**2 - 3*d - 2*d + 1 - d - 5. Determine h(7).
3
Let t(a) be the second derivative of a**3/6 - 9*a**2/2 + 3*a. Suppose -5*u + 3 + 17 = 0. Suppose -2*z + u*z = 0. Calculate t(z).
-9
Let l(c) = c - 11. Let y(j) = -7*j - 2. Let k be y(-2). Let n be l(k). Let r(z) be the first derivative of 3*z**4/2 - z**2 + z - 1. What is r(n)?
5
Let g(w) = -w - 2. Let d be (-129)/6 + 2/4. Let k be (2 - d/3) + -3. Calculate g(k).
-8
Let j(m) = 14*m**2 - 23*m - 14. Let k(f) = 5*f**2 - 8*f - 5. Let i(r) = -6*j(r) + 17*k(r). Suppose 2*p = -3*p + 25. Suppose -p*z + 2 = 22. Calculate i(z).
7
Let b(h) = 4*h + 15. Let w be b(-3). Let j(m) = -4*m + 0 + m**2 + m**2 - 1. Determine j(w).
5
Suppose 0 = -2*d - y - 8, -2*y + 7*y = 2*d + 8. Let v(t) = -3*t + 3. What is v(d)?
15
Let o(x) = 2*x**2 + x. Suppose -21 = -3*p + 3. Suppose 4*b = 2*j + p, -b - 8 = -3*j + 5. Let c be 2 + j/(-2) - -2. Give o(c).
3
Let h(p) = p**3 + 6*p**2 - 3*p. Suppose 2*r = -0*r - 12. Calculate h(r).
18
Let i(j) = j**2 + 4*j - 3. Suppose -3*k - 16 + 0 = -2*n, 5*n = k + 14. Give i(n).
9
Let n(s) = s**2 - 2*s - 4. Let z = 14 + -9. Suppose -g - 2 = z. Let f(a) = a**3 + 6*a**2 - 8*a - 4. Let d be f(g). Calculate n(d).
-1
Let m(g) = -7*g**2 + 2*g - 11 + 33 - g**3 - 4 - 13. What is m(-7)?
-9
Let i(j) = -j**2 - 4*j + 3. Let y be i(-5). Let b(u) = -u**2 - u - 1. Calculate b(y).
-3
Let n(r) = -r**2 - 4*r + 4. Let d(b) = b + 3. Let u be d(10). Let g be u/13 - (5 + 1). What is n(g)?
-1
Let q(c) = c**3 + 3*c**2 + 3. Suppose -2*o + 3 = -o. Let g(r) = 5*r**2 + r**o - 3 - 2*r**3 + 2*r**3 + 4*r. Let w be g(-4). Calculate q(w).
3
Let i(o) = o**3 - 3*o**2 + 2. Let a = -1 - -2. Let r be (-1)/(-3) - a/3. Suppose r = 5*b - 13 + 3. What is i(b)?
-2
Let p(n) = -n**3 + 3*n**2 - 2*n - 2. Suppose 3*b + 11 = 4*a, 34 = 6*b - 3*b + 5*a. Suppose 4*g - 5*l = 23, -b*g - l - 1 + 4 = 0. Calculate p(g).
-2
Let u(t) = -t**2 + t + 4. Let d be 10*2/(7 - 3). Suppose 11 = d*l + 136. Let v be l/(-9) + 6/27. Calculate u(v).
-2
Let i(t) = t - 4. Let z(y) = y + 5. Suppose 0*j = -2*j. Let r be z(j). Calculate i(r).
1
Suppose 0 = -5*t + 4*r + 11, -5*t - r = -4*t - 4. Let l(h) = -2*h + 6. Let q(x) = -x + 3. Let n(z) = 6*l(z) - 13*q(z). Determine n(t).
0
Let l(m) be the first derivative of -m**3/3 + 3*m**2 + 3*m - 2. Calculate l(5).
8
Let i be -6*2/(-8)*2. Let d(a) = 0*a + 0*a**3 - a**i - 2*a**2 + 2*a - a**2 - 3. What is d(-4)?
5
Suppose -q + 16 = -5*o + 2*q, 0 = -2*o + q - 6. Let m(x) = x - 4. Let n(z) = -1. Let h(y) = -m(y) + 3*n(y). Calculate h(o).
3
Let r(z) = 1. Let i(s) = 4*s**2 - 5. Let n(u) = i(u) + 4*r(u). Suppose 5*c - 3*g + 5 = 0, c = -2*g - 1 - 0. Let x = c + 2. What is n(x)?
3
Suppose g + 4*y = -9, -y - 7 = -3*g + 5. Let w(j) = -2*j**2 + 4. Determine w(g).
-14
Let k(d) be the second derivative of d**4/12 - 4*d**3/3 + 5*d**2 - d. Calculate k(7).
3
Let l(t) = -1 - 102*t**3 + t**2 + 0*t**2 - t - 2*t**2 + 109*t**3. Give l(-1).
-8
Let w(l) be the first derivative of 0*l + 1 + 0*l**3 - 3/4*l**4 + 1/2*l**2. Let q(k) = k**3 - 5*k**2 - 1. Let d be q(5). What is w(d)?
2
Let o(d) = d**2 - d + 4. Let r = 15 + -30. Let b be 6/r - (-8)/20. What is o(b)?
4
Suppose -l + 21 = 5*z, 2*l + 13 = 3*z + 3*l. Suppose 2*u - 5*k + 4 = u, -z*k - 12 = 3*u. Let c(y) = y**3 + 3*y**2 - y + 5. What is c(u)?
-7
Let b(r) = 4*r**2 - r. Suppose -5*t + 3 = -2*t. Calculate b(t).
3
Let l(n) = n**2 + n. Let r(v) = 3*v**2 - 2*v + 2. Let y(i) = -2*l(i) + r(i). Give y(4).
2
Let g(r) = -r - 1. Suppose -4*q - 5*i - 3 = 21, -3*q + 4*i - 18 = 0. Calculate g(q).
5
Let h = 131 - 136. Let d(g) = g**3 + g**2 - g + 1. Let z(i) = 7*i**3 + 11*i**2 - 4*i + 11. Let u(r) = 6*d(r) - z(r). Calculate u(h).
5
Let g be (-2)/(-3) + (-12)/18. Let m(s) = -s**2 + 5*s**3 - 3*s**3 - 4*s**3 + g*s**3. Give m(1).
-3
Let m(b) = b - 2. Suppose -2*o - 5*j + 4 = -3*j, -4 = -3*o - 5*j. Let t be 1/2*(-7 - -7). Let x be (1 - t) + (o - 4). What is m(x)?
-2
Let b be 2/(-3) + (-2)/(-3). Let d(y) = -6*y**2 + 4*y - 12. Let v(f) = f**2 - f + 1. Let h(r) = -d(r) - 5*v(r). Calculate h(b).
7
Let c(u) = -u**2 + 5*u + 4. Let h = 8 + -3. Determine c(h).
4
Suppose 5*f + 2*i = 5 + 8, -5*f + i + 1 = 0. Let o(u) = -5*u**3 + 2*u**2 - 1. Calculate o(f).
-4
Let c be (2/4)/((-2)/(-8)). Let q(y) = -y**2 + y - 5. Let o be q(0). Let b be (c/o)/(1/5). Let f(p) = -3*p. What is f(b)?
6
Suppose 0 = -0*z - 5*z, 5*z - 4 = -o. Let p(w) = w**3 - 4 - w - o*w**2 + w + w. Give p(3).
-10
Let f be 2 - -3 - 8/4. Let r(d) be the second derivative of d + 1/2*d**2 + 7/20*d**5 + 0*d**f - 1/6*d**4 + 0. Give r(1).
6
Let p(r) be the third derivative of 1/60*r**5 + 1/4*r**4 + 0*r + r**3 + 0 + 6*r**2. Determine p(-6).
6
Let i(c) = -2*c. Suppose 2*q + 2*j = 5*q + 3, 4*q + 3*j - 13 = 0. Let m be 0/q + -3 + 6. Give i(m).
-6
Let t be 2/7 - 48/(-28). Let a be 2/(((-3)/t)/(-3)). Suppose 11 = 3*y + y - u, -2*y = -2*u - a. Let h(w) = w + 3. What is h(y)?
6
Let d = 2 - 2. Suppose d = -3*t - 6. Let p(u) be the third derivative of -u**6/120 + u**4/24 + u**3/6 + u**2. What is p(t)?
7
Let i = 58 - 38. Let m be (-3)/(-9) + i/(-6). Let r(a) be the first derivative of -a**3/3 - a**2 - 2*a - 40. Determine r(m).
-5
Suppose -2*l = -4 - 0. Suppose 2*b = -x + 5*b, b = -5*x + 32. Suppose 4 = 4*q + l*g, -3*q + x = -5*g + 29. Let o(n) = -5*n**2 - 1. Determine o(q).
-6
Let h be (-2)/7 - (-1296)/126. Let v = h + -10. Let a(b) be the third derivative of b**4/24 - 2*b**3 - b**2. Determine a(v).
-12
Let n(p) = -6*p - 2*p + 5*p + 2 - p**2. Determine n(-5).
-8
Let z(b) = -7*b. Let l(u) = 4*u. Let d(n) = 5*l(n) + 3*z(n). Let x = 4 - 2. Let v(j) = j**3 - 4*j**2 + 2*j. Let s be v(x). Calculate d(s).
4
Let b be (-3)/(-3)*(-1)/(-2). Let s(y) be the second derivative of 0 - 3*y + 1/10*y**5 + 0*y**3 + b*y**2 - 1/12*y**4. What is s(-1)?
-2
Let u(l) = l**3 - l. Let g(a) = 4*a**3 + 6*a**2 - 5*a + 3. Let i(w) = g(w) - 5*u(w). Calculate i(6).
3
Let x(i) be the third derivative of 0 - 2/3*i**3 - 1/30*i**5 + 0*i - 1/24*i**4 + 1/120*i**6 + 7*i**2. Calculate x(3).
2
Let p(l) = 4*l - 2. Suppose 5*z + 23 = 3, 2*a = -z - 34. Let c be ((-48)/a)/((-2)/(-10)). Suppose -12 = -w + 5*w - 5*y, c = 4*w + 2*y. Determine p(w).
6
Let q(c) = 3*c**2 - 2*c - 1. Let i(b) = -6*b - 52. Let o be i(-9). Calculate q(o).
7
Suppose 4*f - 3*f + g = -2, -4*g = -3*f + 29. Let j(h) be the second derivative of -2*h + h**2 - 5/6*h**f + 0 + 1/12*h**4. Determine j(3).
-4
Let y = -8 + 18. Let r = -5 + y. Let g(p) = p**2 - 4*p + 2. Let v(q) = -q**2 + 4*q - 3. Let j(a) = -4*g(a) - 3*v(a). Calculate j(r).
-4
Let p(k) be the second derivative of k**4/12 + 4*k**3/3 - 4*k**2 + 5*k. Let u be p(-9). Let l(g) = -13*g - 1. Calculate l(u).
-14
Let h(j) = -2*j + 1. Suppose -b = -4 - 1. Suppose 3*x - 2*x - 31 = -4*y, 63 = b*x - 3*y. Suppose -x = 4*p + p. Determine h(p).
7
Let q(c) = 2*c**2 + 4*c + 3. Let h be 2/(-9) + ((-320)/(-36))/(-5). Calculate q(h).
3
Let s be (-6)/(-27) - 2/9. Let f(r) = r**3 + 1 - 2*r + s*r**3 + 0. What is f(-2)?
-3
Let v(x) = -2*x - 1. Let i(q) = q + 7. Let h be i(6). Suppose -5*y 